4*f = 0, -h*f = 5*q - 53 - 12. What is the tens digit of q?
1
Suppose -n - n - 3*r = 5, 9 = -3*n - 5*r. Let j = n - 8. Let g(l) = -l**3 - 6*l**2 - l + 3. What is the units digit of g(j)?
9
Suppose q = c - 25, -c = 5*q + 84 + 65. Let i = -21 - q. What is the units digit of i?
8
Suppose 7*n = 3*n + 88. What is the units digit of n?
2
Suppose -4*j + 3*k + 39 = 0, -2*j = -0*j - k - 19. Suppose -x = -5*y + y + j, 3*y = -4*x + 21. What is the units digit of x?
3
Suppose 2*t - 684 = -3*t + j, -j = -t + 140. What is the units digit of t?
6
What is the tens digit of 5/(-2)*736/(-20)?
9
Suppose u + 4*m + 63 - 13 = 0, -4*m = 4*u + 176. Let d = u + 62. What is the units digit of d?
0
Suppose 2 = -2*w - 4, -5*n + 5*w = -25. Let g be ((-20)/(-6))/(n/3). Suppose -g*i - 4*d = -27, 0 = -5*d - 0*d + 15. What is the units digit of i?
3
Suppose 7*i = 11*i - 652. What is the units digit of i?
3
Let m(d) = -d**2 - 8*d - 7. Let w be m(-7). Let t = 1 - w. What is the units digit of t?
1
Let z = 39 + -28. What is the tens digit of z?
1
Suppose -6*x + 43 + 941 = 0. What is the units digit of x?
4
Let m(d) = -d**3 - 14*d**2 + 11*d + 5. What is the units digit of m(-16)?
1
Suppose 0 - 145 = -5*p. Let v = p + -15. Let b = v + -10. What is the units digit of b?
4
Let v = 7 - 5. Let t = v - -5. What is the units digit of t?
7
Suppose 28 = 4*l - 0*x - 2*x, -5*l + 34 = -3*x. Suppose 2*z - 4 = l. What is the units digit of z?
6
Let s be (-22 + 4)*1/(-2). Let a = s + -6. Suppose v = -a*n + n + 14, -3*v - 3 = n. What is the units digit of n?
9
Let b = 8 + -6. What is the units digit of b?
2
Suppose 6*y + 6 = 3*y. Let f be 46/10 + y/(-5). Suppose 5*h - 5*o = 40, 0*o = -h - f*o + 26. What is the tens digit of h?
1
Suppose 443 = -5*d + 163. Let t = -36 - d. What is the units digit of t?
0
Suppose -9*x = -12*x + 6. Suppose 0 = 3*r + 5 - 11, 4*l + r = 14. Suppose -7 = -x*o + l. What is the units digit of o?
5
Let a(m) = 4*m**3 - 3*m**2 + 3*m + 9. Let n(z) = -5*z**3 + 4*z**2 - 4*z - 10. Let q(u) = -7*a(u) - 6*n(u). What is the tens digit of q(3)?
3
Let h(c) = -c**2 - 6*c + 1. Let g be h(-4). Suppose -4*b = -3*t - 115, -5*t + 4 = g. What is the tens digit of b?
2
Let m(y) be the second derivative of -y**5/20 - y**3/6 + 17*y**2/2 + 3*y. What is the tens digit of m(0)?
1
Let z(k) be the third derivative of k**6/120 - k**5/20 - k**4/6 - 7*k**3/6 + 4*k**2. What is the units digit of z(5)?
3
Let m(o) = o + 6. Let u = -14 - -14. What is the units digit of m(u)?
6
Suppose -2*r + 77 = 21. Suppose -5*z = -3*z - r. What is the units digit of z?
4
Suppose 0 = -67*o + 64*o + 138. What is the units digit of o?
6
Let x(s) be the first derivative of s**6/180 - s**5/40 - s**4/6 + s**3/3 + 1. Let o(t) be the third derivative of x(t). What is the units digit of o(3)?
5
Let m(f) = 3*f**3 - f - 2. Let x(s) = 5*s**3 - s**2 - s - 3. Let z(t) = -7*m(t) + 4*x(t). Suppose -2*j + 3*j + 5 = 0. What is the units digit of z(j)?
2
What is the tens digit of (-2)/12*4*-90?
6
Suppose 29 = -4*t - 31. What is the units digit of 5/(-10) + t/(-2)?
7
Suppose -7*i - h = -5*i - 17, 3*i = 3*h + 21. Let y(r) = -r**2 + 7*r + 11. What is the units digit of y(i)?
3
Let k(w) = -w - 3. Let b be k(-6). Suppose b*q = 3*v + 4*q - 68, 5*v + 2*q = 114. What is the tens digit of v?
2
Suppose j - 2*r - 12 = 0, 3*j - 5*r - 24 - 7 = 0. Suppose 4*z + 2*t - 14 = j, -3*t = -4*z + 36. What is the units digit of z?
6
Let q = 460 + -329. What is the tens digit of q?
3
Let m(j) = -14*j**3 + j**2 + 2*j + 2. What is the units digit of m(-1)?
5
What is the units digit of (-531)/(-21) - 8/28?
5
Let s be (-35)/(-11) - (-4)/(-22). Suppose -4*y + s = -9. What is the units digit of y?
3
Suppose -f = -2*p + 9, 3*f - p = 1 - 3. What is the units digit of f?
1
What is the tens digit of (-25)/75 + (-1058)/(-6)?
7
Suppose 2*u = -2*u + 124. What is the units digit of u?
1
Let o(z) = -z**3 - 6*z**2 - 4*z. Let w be o(-6). Suppose 4*r + 5*p = w + 52, 0 = 4*p + 16. Let q = r - 10. What is the tens digit of q?
1
Let d(k) = -k**2 + 10. What is the tens digit of d(0)?
1
Let i = -80 - -166. What is the units digit of i?
6
Suppose 4*i - 723 = 3*k, i - 3*i = 4*k - 334. What is the tens digit of i?
7
Let q(w) = w**2 + w. Let k(z) = 3*z**2 + 9*z + 4. Let r(t) = k(t) - 2*q(t). Let d be r(-5). Let a(s) = s**2 + 4*s - 1. What is the tens digit of a(d)?
1
Let v(b) be the first derivative of -b**4/8 - b**3/2 + 3*b**2/2 + 1. Let c(h) be the second derivative of v(h). What is the units digit of c(-3)?
6
Suppose 174 + 31 = -3*j - 4*c, 278 = -4*j - 3*c. Let n = -41 - j. Suppose 2*g = -3*g + n. What is the units digit of g?
6
Let f = -27 - -42. Suppose -24 = -3*u - n, -n = -5*u + f + 33. What is the units digit of u?
9
Suppose 490 = 5*u - 370. What is the hundreds digit of u?
1
Suppose -2*w + 3*w = 5*a - 24, 3*a - 9 = 0. Let r = -53 - -75. Let p = r + w. What is the units digit of p?
3
Let k = -11 - -43. What is the units digit of k?
2
Suppose -m - 3*m + 5*y = -55, -4*m - 4*y + 100 = 0. What is the units digit of m?
0
Let d = -6 + 5. Let b = d - -10. What is the units digit of b?
9
Let q be ((-18)/15)/((-4)/10). Suppose 5*z - y - 50 = -q*y, -30 = -3*z - 3*y. Let g = z - 5. What is the units digit of g?
5
Suppose 0 = 3*o - 0 - 3. Suppose -2*i + o = -i. Let v = 6 + i. What is the units digit of v?
7
Suppose 0 = -3*j - 0*j + 51. What is the tens digit of j?
1
Let j = 8 + -6. Suppose z - j*z = -4. Suppose 85 = g + z*g. What is the units digit of g?
7
Let s = -56 - -108. What is the tens digit of s?
5
Let y be ((-1)/(-3))/(2/18). Suppose -y*q = 2*q - 45. What is the units digit of q?
9
Suppose 0*d - d = -3. Suppose 4*h - c + 4 = 0, -d*c = -3*h - c - 3. What is the units digit of (h/(-2))/((-2)/(-4))?
1
Let b(k) = -4*k**3 - 7*k**2 - k + 5. Let l(m) = -9*m**3 - 13*m**2 - 2*m + 11. Let y(w) = 7*b(w) - 3*l(w). What is the tens digit of y(-10)?
1
Suppose -10 = a - 59. What is the units digit of a?
9
Let m(o) = 2*o**2 + 4*o - 9. Let l(y) = 2*y**2 + 3*y - 8. Let j(i) = 3*l(i) - 2*m(i). What is the tens digit of j(4)?
3
Let p(y) = y**3 - 4*y**2 + 2. Let x be p(4). Suppose 0*t = -5*j - t + 20, -j = -x*t - 4. Suppose -14 = -j*m + 2*m. What is the units digit of m?
7
Let j = 6 - 4. What is the units digit of (j/5)/(1/10)?
4
Suppose 3*v - 2*r = 136, -r + 82 = 3*v - 48. What is the units digit of v/12 + 2/(-3)?
3
Suppose -11*p - 1281 = -4735. What is the units digit of p?
4
Let b be -7*(-2 + 0 - -1). Suppose 0 = 2*f + 3*t - 33, -3*t + b*t + 41 = 3*f. Suppose 3*r - 19 = p - 5*p, -3*p = 3*r - f. What is the units digit of r?
1
Let w be (-16)/(-2)*6/12. Suppose 2*o - 11 = -v, -w*v - 2*o - 2 = -28. Suppose -3*y + v*l + 5 = -4, -5*y = l - 15. What is the units digit of y?
3
Suppose -y = y. What is the units digit of 2 - -4 - (-2 - y)?
8
Suppose -36 = -2*b - 8. Let c = -5 + b. What is the units digit of c?
9
Let u(b) = -b**2 - 6*b + 7. Let t be (-29)/6 - 1/6. What is the units digit of u(t)?
2
Let w = 0 - 2. Let p(q) = -8*q. Let l be p(w). Suppose m + 6 = i + 4*i, 5*m - 2*i = l. What is the units digit of m?
4
Let t(z) = -2*z - 6. Let r be t(-7). Let l = 19 - r. What is the units digit of l?
1
Let c(i) = -46*i + 2. What is the units digit of c(-2)?
4
Let y(z) = z**2 + 6*z - 4. Let f be y(-6). What is the units digit of (-38)/f*1*2?
9
Suppose 0*p = 4*p - 96. What is the units digit of p?
4
Let f(b) = b**2 + 6*b + 22. Let y be f(-6). Let d be 2/8 + 45/(-4). Let v = y + d. What is the units digit of v?
1
Suppose 4*m - 2*m - 80 = 0. Let w = 28 - m. What is the units digit of (-4)/w - 4/(-6)?
1
Suppose 109 = -15*u + 1324. What is the tens digit of u?
8
Suppose 6 = -3*r + 2*u - 5*u, -18 = -3*r + 3*u. Let d = 1 + r. Suppose 0 = 5*l - j - 74, -d*l = -5*j + 10 - 50. What is the units digit of l?
5
Suppose -n = n - 18. Suppose 0 = -3*s + 3*k, k - 6 = -3*s - 2*s. What is the units digit of (12/n)/(s/3)?
4
Let s(y) = -20*y**3 + 3*y**2 + 5*y + 5. What is the units digit of s(-2)?
7
Let f(r) = -r - 3. Let g be f(-4). Suppose -o - 18 = -3*l, 0 = -3*l - 4*o - g + 4. What is the units digit of l?
5
Let l(m) be the first derivative of -m**2/2 + 9*m + 4. What is the tens digit of l(-8)?
1
Suppose 2 = 2*u - 2. Suppose u*m = -2*s + 13 + 1, -5*m - s + 15 = 0. Suppose -m*g = 5*y - 5 - 10, -9 = -g - 4*y. What is the units di